3
What is the units digit of 162038?
8
What is the tens digit of 2623454?
5
What is the hundred thousands digit of 2691857?
6
What is the hundreds digit of 3261665?
6
What is the tens digit of 16643846?
4
What is the tens digit of 3279754?
5
What is the thousands digit of 229996?
9
What is the hundred thousands digit of 6750132?
7
What is the tens digit of 50951?
5
What is the ten thousands digit of 23919494?
1
What is the tens digit of 4504938?
3
What is the ten thousands digit of 15453063?
5
What is the hundred thousands digit of 328039?
3
What is the ten thousands digit of 250780?
5
What is the hundreds digit of 9092479?
4
What is the hundred thousands digit of 229064?
2
What is the ten thousands digit of 80756?
8
What is the hundreds digit of 4861166?
1
What is the millions digit of 1064965?
1
What is the thousands digit of 132858?
2
What is the hundreds digit of 943990?
9
What is the thousands digit of 1171820?
1
What is the hundreds digit of 183459?
4
What is the hundred thousands digit of 3931376?
9
What is the tens digit of 7757889?
8
What is the ten thousands digit of 17456740?
5
What is the hundred thousands digit of 352201?
3
What is the hundred thousands digit of 3593903?
5
What is the ten thousands digit of 2890346?
9
What is the ten thousands digit of 167516?
6
What is the tens digit of 118785?
8
What is the ten thousands digit of 11839594?
3
What is the hundred thousands digit of 17641012?
6
What is the millions digit of 4700455?
4
What is the thousands digit of 5185?
5
What is the thousands digit of 235192?
5
What is the hundreds digit of 2337115?
1
What is the hundreds digit of 1618680?
6
What is the thousands digit of 1179647?
9
What is the tens digit of 1956692?
9
What is the hundreds digit of 356980?
9
What is the tens digit of 17580570?
7
What is the hundreds digit of 1367277?
2
What is the units digit of 7221388?
8
What is the units digit of 281712?
2
What is the ten millions digit of 13945942?
1
What is the hundred thousands digit of 214220?
2
What is the ten thousands digit of 147250?
4
What is the tens digit of 528185?
8
What is the ten thousands digit of 528748?
2
What is the units digit of 965853?
3
What is the thousands digit of 3171?
3
What is the millions digit of 8726371?
8
What is the units digit of 198291?
1
What is the units digit of 197169?
9
What is the tens digit of 3823346?
4
What is the thousands digit of 29215?
9
What is the tens digit of 67899?
9
What is the hundreds digit of 21897817?
8
What is the tens digit of 284194?
9
What is the units digit of 6975724?
4
What is the hundred thousands digit of 12477673?
4
What is the units digit of 240845?
5
What is the tens digit of 76390?
9
What is the units digit of 683165?
5
What is the millions digit of 1728846?
1
What is the hundreds digit of 226056?
0
What is the hundred thousands digit of 187438?
1
What is the thousands digit of 187621?
7
What is the hundreds digit of 5370?
3
What is the units digit of 729842?
2
What is the ten thousands digit of 343644?
4
What is the tens digit of 292993?
9
What is the hundreds digit of 1358020?
0
What is the units digit of 234766?
6
What is the units digit of 6332498?
8
What is the millions digit of 3003063?
3
What is the hundreds digit of 1702834?
8
What is the units digit of 836313?
3
What is the millions digit of 5762734?
5
What is the tens digit of 5684648?
4
What is the hundreds digit of 362029?
0
What is the tens digit of 8798770?
7
What is the hundred thousands digit of 766426?
7
What is the tens digit of 116137?
3
What is the ten thousands digit of 560049?
6
What is the hundreds digit of 78726?
7
What is the hundreds digit of 48240?
2
What is the tens digit of 6573?
7
What is the units digit of 80075?
5
What is the ten thousands digit of 199461?
9
What is the hundred thousands digit of 6914424?
9
What is the units digit of 291563?
3
What is the hundreds digit of 3202196?
1
What is the units digit of 40494?
4
What is the units digit of 6258084?
4
What is the tens digit of 1421160?
6
What is the ten thousands digit of 132023?
3
What is the hundreds digit of 188600?
6
What is the tens digit of 477817?
1
What is the tens digit of 3355899?
9
What is the thousands digit of 768980?
8
What is the units digit of 26806485?
5
What is the ten thousands digit of 224379?
2
What is the ten thousands digit of 2588466?
8
What is the millions digit of 6807455?
6
What is the hundred thousands digit of 11260423?
2
What is the hundreds digit of 5449482?
4
What is the thousands digit of 418609?
8
What is the hundred thousands digit of 1049435?
0
What is the ten thousands digit of 746974?
4
What is the tens digit of 1967898?
9
What is the tens digit of 9967561?
6
What is the hundreds digit of 408096?
0
What is the hundred thousands digit of 5145021?
1
What is the thousands digit of 4289288?
9
What is the ten thousands digit of 493323?
9
What is the thousands digit of 1727255?
7
What is the ten thousands digit of 246124?
4
What is the hundred thousands digit of 954922?
9
What is the units digit of 676169?
9
What is the thousands digit of 2103386?
3
What is the hundred thousands digit of 4825825?
8
What is the ten millions digit of 21596870?
2
What is the millions digit of 7865779?
7
What is the thousands digit of 1515464?
5
What is the tens digit of 8689110?
1
What is the units digit of 118147?
7
What is the hundreds digit of 127982?
9
What is the tens digit of 6973?
7
What is the ten thousands digit of 3217670?
1
What is the millions digit of 2690641?
2
What is the ten thousands digit of 1028066?
2
What is the hundred thousands digit of 134390?
1
What is the thousands digit of 263658?
3
What is the units digit of 722674?
4
What is the units digit of 2432792?
2
What is the millions digit of 10098477?
0
What is the tens digit of 14544053?
5
What is the millions digit of 2238959?
2
What is the millions digit of 13707009?
3
What is the thousands digit of 432963?
2
What is the hundreds digit of 1673949?
9
What is the ten thousands digit of 12029771?
2
What is the ten thousands digit of 231518?
3
What is the units digit of 74688?
8
What is the thousands digit of 352991?
2
What is the hundred thousands digit of 1535607?
5
What is the hundreds digit of 12319622?
6
What is the tens digit of 17760667?
6
What is the ten thousands digit of 204098?
0
What is the tens digit of 158703?
0
What is the units digit of 6441447?
7
What is the tens digit of 783463?
6
What is the ten thousands digit of 45729?
4
What is the tens digit of 828276?
7
What is the thousands digit of 353516?
3
What is the tens digit of 261243?
4
What is the tens digit of 2899053?
5
What is the millions digit of 11143776?
1
What is the units digit of 19731472?
2
What is the hundreds digit of 6673807?
8
What is the hundreds digit of 156842?
8
What is the tens digit of 525601?
0
What is the ten thousands digit of 1382436?
8
What is the thousands digit of 11405683?
5
What is the millions digit of 2768274?
2
What is the units digit of 709052?
2
What is the tens digit of 6561866?
6
What is the thousands digit of 970621?
0
What is the hundreds digit of 2466907?
9
What is the thousands digit of 197001?
7
What is the hundreds digit of 2057417?
4
What is the ten millions digit of 13171440?
1
What is the ten thousands digit of 657970?
5
What is the hundreds digit of 12507?
5
What is the hundreds digit of 311974?
9
What is the hundreds digit of 4747582?
5
What is the hundred thousands digit of 470505?
4
What is the units digit of 724622?
2
What is the hundred thousands digit of 24496201?
4
What is the hundreds digit of 7726660?
6
What is the units digit of 4841647?
7
What is the millions digit of 13306864?
3
What is the hundred thousands digit of 5255153?
2
What is the tens digit of 11843710?
1
What is the units digit of 11018715?
5
What is the tens digit of 53840?
4
What is the thousands digit of 34373?
4
What is the tens digit of 4592175?
7
What is the hundred thousands digit of 195001?
1
What is the millions digit of 1155420?
1
What is the units digit of 950242?
2
What is the ten thousands digit of 592535?
9
What is the hundreds digit of 2212432?
4
What is the hundred thousands digit of 103718?
1
What is the units digit of 25337141?
1
What is the units digit of 1307628?
8
What is the un